(k) = 1. Let u(t) = t. Let m(c) = 3*u(c) + 2*y(c). What is the tens digit of m(5)?
1
Let k = -4 - -6. Suppose m = -k*m + 27. What is the units digit of m?
9
Let t(h) = h**2 - 11*h + 2. Suppose 4*b + 38 - 154 = 0. Let j = b + -17. What is the tens digit of t(j)?
1
Suppose -4*v = -77 + 1. What is the tens digit of v?
1
Let d be 1/(-3*(-3)/(-27)). Let l = 5 - d. What is the units digit of l?
8
Let c(y) = y**3 - 5*y**2 - y - 8. What is the units digit of c(6)?
2
Suppose 5*j + 7*d - 4*d = 14, 3*d = -2*j + 11. Let u be 2 - j/(-1) - 2. What is the units digit of 10/(-4)*(u - 3)?
5
Let a = -514 - -875. What is the units digit of a?
1
Suppose 0 = 4*v + 8, -8 = -2*k - 3*v + 2*v. Suppose -5*l + k*w + 35 = 0, -l + 3*w = -6*l + 11. What is the units digit of l?
4
What is the units digit of 0 - (24/(-3) - -2)?
6
Suppose c = -4*c + 190. Suppose 2*f - 34 = 16. Let z = c - f. What is the tens digit of z?
1
Let o(z) = -z**3 + 7*z**2 + 10*z - 12. Let k be o(8). Suppose 3*v + 1 = k. What is the units digit of v?
1
Let a(u) = -2*u**3 - u**3 - 8*u**2 - 1 + u + 4*u**3. Let d be (6/(-4))/(6/(-32)). What is the units digit of a(d)?
7
Let q(v) = -2 - v + 2*v + 4 - 2*v. Let r be q(-3). Suppose -4*a = -r*a + 7. What is the units digit of a?
7
Let r(b) = 5 + 4 - 4 - 4. Let z(i) = i - 1. Let m(t) = r(t) + z(t). What is the units digit of m(2)?
2
Suppose -95 = -5*y - 0*o + 2*o, 0 = 2*y + 5*o - 9. Suppose 3*c = 4*r + 46, 2*r + 55 + y = 5*c. What is the units digit of c?
4
Let l = -4 - -6. What is the units digit of 15 - 1/l*-4?
7
Let h(p) be the first derivative of p**4/4 + p**2/2 + 9*p - 1. Suppose g = 2*g. What is the units digit of h(g)?
9
Let m(v) = -v**3 + v**2. Let c = 1 + -1. Let h = c - 1. What is the units digit of m(h)?
2
Suppose 4*b - 200 = -2*w, -5*b + 6 + 244 = 3*w. What is the units digit of ((-36)/(-30))/(4/b)?
5
Let t = 19 + -11. What is the units digit of 45/(-20)*t/(-3)?
6
Let z be (-4 + 7)/(6/8). What is the tens digit of 12 + -2 + -3 + z?
1
Suppose 5*t = y - 0*y - 149, -4*y + 521 = -5*t. What is the units digit of y?
4
Let z(r) = 4*r + 10. What is the units digit of z(5)?
0
Let a(j) = -j**3 - 10*j**2 + 20*j - 8. What is the tens digit of a(-12)?
4
Suppose -9*v = -4*v - 1300. What is the hundreds digit of v?
2
What is the units digit of 14/(-2*3/(-12))?
8
Suppose 5*x + 0*x - 75 = 0. Let o = -5 + x. What is the tens digit of o?
1
Suppose 0 = -j - 1, 0 = 5*r + 4*j - 3*j - 24. Suppose 4*w - 4*a - 24 = 0, -7*w + r*a + 21 = -3*w. What is the units digit of w?
9
Let x(p) be the first derivative of p**4/24 + 7*p**3/3 - 3*p**2/2 - 2. Let s(z) be the second derivative of x(z). What is the tens digit of s(0)?
1
Let b = 227 - -73. What is the units digit of (b/(-36))/(1/(-3))?
5
Let r(w) = 6*w. Let v = -3 - -2. Let q be r(v). What is the units digit of (-1)/((q/2)/12)?
4
Let n(q) be the third derivative of -q**6/120 + 2*q**5/15 + q**4/12 - 2*q**3 + 4*q**2. Let b = -4 - -12. What is the units digit of n(b)?
4
Let w be (-4)/((12/10)/(-3)). Let t = w - 1. What is the units digit of t?
9
Let b(u) = -u**3 - u + 1. Let w be b(0). Let j(f) be the second derivative of f**5/20 - f**4/12 + f**3/3 - f**2/2 - f. What is the units digit of j(w)?
1
Let n be (-6 - -3)/(3/(-2)). Suppose 4*d - 46 = n*d. What is the units digit of d?
3
Let p(b) = 2*b**2. Let c be p(-2). Let t = c + 1. What is the units digit of t?
9
Let h be (1 + 0)/((-3)/(-9)). Suppose 12 = h*c - 3*p, 3*c - 2*p + 11 = 26. What is the units digit of c?
7
Let w = 22 + -16. Suppose w*i - 3*i = 30. What is the units digit of i?
0
Let u be (-2)/3 + (-764)/(-12). Let b = -44 + u. What is the tens digit of b?
1
Let q be (0/(-1))/((-9)/(-9)). Suppose 0 = -s - q*s + 44. What is the tens digit of s?
4
Suppose -2*g + 297 = -3*u + 20, -4*g - 5*u + 587 = 0. What is the units digit of g?
3
Let a(b) = 26*b + 5. What is the hundreds digit of a(11)?
2
Let y = 9 - -1. Let i = y - 8. Suppose -i*a = 2*p - 32, 2*p + 68 + 12 = 5*a. What is the units digit of a?
6
Suppose 0 = 5*p - 2*i - 605, -2*p + 5*i = -5*p + 332. What is the units digit of p?
9
What is the tens digit of 15/(-20)*-2*72?
0
Let n = -3 - -8. Suppose -s = -n*s + 24. What is the units digit of s?
6
Suppose 0 = 4*f - 5*a - 38, 4*a + 6 = 2*f - 16. What is the units digit of f?
7
Let r(y) = -y**3 - 2*y**2 - 2*y + 1. Let b be r(-3). Suppose k - b = 5*j + 14, -j = 3*k - 26. What is the units digit of k?
0
Let f(d) = -d**2 + 3 - 6*d + 2*d**2 + 0*d**2. Let o be f(5). Let g(v) = v**2. What is the units digit of g(o)?
4
Let o(w) = 4*w**2 - 5*w + 42. What is the units digit of o(8)?
8
Let j(u) = -u**3 + 6*u**2 - 8*u + 5. Let t be j(5). Let i = 26 + t. What is the tens digit of i?
1
Suppose 2*q - 13 = q + 4*x, q + 3 = -4*x. What is the units digit of q?
5
Let r = 51 + -32. What is the units digit of r?
9
Let x(n) be the first derivative of -3/2*n**2 - 4*n + 1. What is the units digit of x(-4)?
8
Let j(g) = -4*g - 2. Let c be j(7). Let w = c - -48. Let h = -12 + w. What is the units digit of h?
6
Let m(j) = j**2 - 2*j + 4. Let d be m(-5). Suppose -3*z + 3*i + d = 0, 4*z + 4*i - 25 = 11. What is the units digit of z?
1
Let m(f) = 65*f**3 + f - 1. Let c be m(1). Suppose c - 2 = 3*l. What is the units digit of l?
1
Suppose -332 - 78 = -10*u. What is the units digit of u?
1
What is the units digit of (3/(-2))/((-180)/(-192))*-30?
8
Suppose -6 = 4*f - 190. Suppose -p + f = p. What is the tens digit of p?
2
Let d = -7 - -23. What is the tens digit of d?
1
Let x(r) be the second derivative of 1/20*r**5 + 1/12*r**4 - r + 0 + 4*r**2 + 0*r**3. What is the units digit of x(0)?
8
Let d(y) be the first derivative of 3*y**2 + 4*y - 6. What is the units digit of d(4)?
8
What is the hundreds digit of 2 - 1 - (-645)/((-15)/(-3))?
1
Let o(n) = 1 - n**2 - 2*n**2 - 6 + 5*n**2 + 4*n. What is the tens digit of o(4)?
4
Let p = 11 - -19. What is the units digit of p?
0
Let l(w) be the second derivative of -w**5/10 + w**4/12 + w**3/3 + 6*w. What is the tens digit of l(-3)?
5
Let n = 1 + 1. Suppose n*z - 27 = 7. What is the tens digit of z?
1
Let j(y) = 42*y - 32. What is the hundreds digit of j(4)?
1
Let p(g) = g**3 + 8*g**2 - 8*g + 15. What is the units digit of p(-9)?
6
Let f(j) = -39*j + 38. What is the units digit of f(-6)?
2
Let w(d) = 2*d + 5. Let r be w(-6). Let b(o) = o + 10. Let m be b(r). Suppose 1 = -2*v + m. What is the units digit of v?
1
Suppose -4*f = -4*n + 52, 0*f + 4*n + 14 = -2*f. Let g = 16 - f. What is the tens digit of g?
2
Suppose -3*g = 2*n + 8, 4*n - g - 4*g = 28. Suppose -n = 2*d, -5*r + 4*d = -r + 12. Let v = -3 - r. What is the units digit of v?
1
Let p be 10/(-15) + (-527)/(-3). Suppose -9*g = -4*g - p. What is the units digit of g?
5
Suppose 0 = -3*v - v. Suppose v = -2*t + 3*t - 15. Suppose k = 5*h - t, -4*h = 2*k + h - 30. What is the units digit of k?
5
Suppose -5*y + 3*y + 27 = -5*z, 3*y = z + 60. Suppose -s = -y - 17. What is the units digit of s?
8
Let x = -17 - -11. Let v be (x/5)/((-2)/5). Let y(s) = s**3 - 2*s**2 - 3. What is the units digit of y(v)?
6
What is the units digit of (-85)/34 - (-675)/6?
0
Let d(p) = -2*p + 15. What is the units digit of d(-10)?
5
Let r = 52 + -28. What is the tens digit of r?
2
Let m(v) = -2*v**2 + 33*v - 30. What is the tens digit of m(15)?
1
Suppose 3*g - v - 26 = 0, -3*g - 4*v - v - 4 = 0. Let k = 4 + -9. Let q = g + k. What is the units digit of q?
2
Let a = -17 - -34. What is the units digit of a?
7
Suppose 3 = 2*w + 9. Let h = -1 - w. What is the units digit of h?
2
Let n(t) = -1. Let h(s) = s - 2. Let j(v) = h(v) - n(v). What is the units digit of j(5)?
4
Let b(u) = -12*u - 3. Suppose 3*h + 0*h + 6 = 0. Let x be b(h). Suppose -3*l = 4*v - x, l + 12 = -0*v + 5*v. What is the units digit of l?
3
Let v(m) = -3*m**2 + 12*m**2 + 0 + 0 + m. What is the units digit of v(1)?
0
Let c(u) = u**2 + 5*u - 10. Let o be (2/4)/((-2)/28). Let g be c(o). Let i = -2 + g. What is the units digit of i?
2
Suppose -4*s + 36 = -4*x, 0*x + 42 = -5*x + 4*s. What is the units digit of (-3*(-8)/x)/(-2)?
2
Suppose 5*y - 36 = 9. Let z = 7 - 6. What is the units digit of y*z + -3 + 2?
8
Let d = -34 + 70. What is the units digit of d?
6
Suppose -3 = 3*c - 21. Let n = 8 - c. What is the units digit of n?
2
Let t = 19 + -9. Suppose r = 2*r - t. What is the units di